{"id":210,"date":"2021-01-15T16:19:32","date_gmt":"2021-01-15T15:19:32","guid":{"rendered":"http:\/\/a-deuxmains.com\/?page_id=210"},"modified":"2021-01-15T16:19:32","modified_gmt":"2021-01-15T15:19:32","slug":"mentions-legales-responsabilites","status":"publish","type":"page","link":"https:\/\/a-deuxmains.com\/index.php\/mentions-legales-responsabilites\/","title":{"rendered":"Mentions l\u00e9gales &#038; responsabilit\u00e9s"},"content":{"rendered":"\n<p>&#8211;\u00a0Nom commercial: A 2 mains\u00a0<br>&#8211; SIREN: 443 129 473\u00a0<\/p>\n\n\n\n<p><br>Entreprise individuelle Cr\u00e9\u00e9e le 2 janvier 2021 repr\u00e9sent\u00e9e par J\u00e9r\u00e9mie CHEVALIER dont le si\u00e8ge social est situ\u00e9 au 104, rue du Pr\u00e9-pigeon 49100 ANGERS.<br>Facturation avec TVA non applicable selon article 293 B du CGI.<br><br>&#8211;\u00a0 Massage non th\u00e9rapeutique dont l&rsquo;objectif premier est d&rsquo;apporter un bien-\u00eatre \u00e0 la personne.\u00a0<br>Prestations de nature strictement professionnelles et sans aucun caract\u00e8re sexuel. Toute demande dans ce sens sera d\u00e9clin\u00e9e.\u00a0<br>A 2 mains d\u00e9cline toute responsabilit\u00e9 en cas de contres indications. En outre, les prestations ne sont pas recommand\u00e9es en cas de : &#8211; Plaies r\u00e9centes ou en phase de gu\u00e9rison &#8211; Pathologies lourdes (cancer, infection \u2026) &#8211; Grossesse &#8211; Chirurgie ressente &#8211; Maladie infectieuse, contagieuse&#8230; Liste non exhaustive&#8230;<br>Les contres indications peuvent varier selon les soins, en cas de doute n\u2019h\u00e9sitez pas \u00e0 me contacter *Selon l&rsquo;article 123 de la loi de modernisation de notre syst\u00e8me de sant\u00e9 du 26 janvier 2016 et le Journal Officiel du S\u00e9nat du 03\/11\/2016, le Minist\u00e8re des Affaires Sociales et de la Sant\u00e9 indiquent que \u00ab\u00a0Le massage non th\u00e9rapeutique dont l&rsquo;objectif premier est d&rsquo;apporter un bien-\u00eatre \u00e0 la personne, pourra \u00eatre r\u00e9alis\u00e9 au regard de la nouvelle r\u00e9daction l\u00e9gislative du code de la sant\u00e9 publique, par un professionnel qui ne dispose pas du titre de masseur-kin\u00e9sith\u00e9rapeute.\u00a0\u00bb\u00a0<a href=\"https:\/\/www.senat.fr\/questions\/base\/2015\/qSEQ150617038.html\">https:\/\/www.senat.fr\/questions\/base\/2015\/qSEQ150617038.html<\/a><\/p>\n\n\n\n<p>&#8211;&nbsp; Protection des donn\u00e9es personnelles \u2013 RGPD\/CNILConform\u00e9ment \u00e0 la loi n\u00b0 1.165 du 23 d\u00e9cembre 1993 relative \u00e0 la protection des informations nominatives, A 2 mains s\u2019engage \u00e0 pr\u00e9server la confidentialit\u00e9 des informations nominatives fournies par les usagers dans le cadre de leurs demandes d\u2019informations \u00e0 l\u2019Administration ou leur abonnement aux newsletter (e-mailing). Ces informations sont exploit\u00e9es dans le cadre de traitements automatis\u00e9s ayant pour finalit\u00e9 \u00ab Site Internet d\u2019information au public \u00bb. Les informations nominatives ainsi collect\u00e9es sont conserv\u00e9es pour la dur\u00e9e du traitement de la demande et pendant la dur\u00e9e choisie de l\u2019usager. Vous disposez d\u2019un droit d\u2019acc\u00e8s et de mise \u00e0 jour de vos informations nominatives.<br><br>Pour l\u2019exercer, merci de vous adresser \u00e0 A 2 mains, 104, rue du Pr\u00e9-pigeon \u2013 49100 ANGERS.<br><br>Si vous estimez, apr\u00e8s avoir contact\u00e9 A 2 mains, que vos droits Informatique et Libert\u00e9s ne sont pas respect\u00e9s, vous pouvez adresser une r\u00e9clamation en ligne ou par voie postale \u00e0 la Commission Nationale Informatique et Libert\u00e9s (CNIL).<\/p>\n\n\n\n<p>&#8211;&nbsp; Utilisation des cookies<br>La gestion du site n\u00e9cessite l\u2019utilisation de cookies. Des informations non personnelles sont enregistr\u00e9es par ce syst\u00e8me de cookies (fichiers texte utilis\u00e9s pour reconna\u00eetre un utilisateur et ainsi faciliter son utilisation du site). Ceux-ci n\u2019ont aucune signification en dehors de leur utilisation sur le site&nbsp;<a href=\"http:\/\/a-deuxmains.com\/\">a-deuxmains.com<\/a><br><\/p>\n","protected":false},"excerpt":{"rendered":"<p>&#8211;\u00a0Nom commercial: A 2 mains\u00a0&#8211; SIREN: 443 129 473\u00a0 Entreprise individuelle Cr\u00e9\u00e9e le 2 janvier 2021 repr\u00e9sent\u00e9e par J\u00e9r\u00e9mie CHEVALIER dont le si\u00e8ge social est situ\u00e9 au 104, rue du Pr\u00e9-pigeon 49100 ANGERS.Facturation avec TVA non applicable selon article 293 B du CGI. &#8211;\u00a0 Massage non th\u00e9rapeutique dont l&rsquo;objectif premier est d&rsquo;apporter un bien-\u00eatre \u00e0 &hellip; <\/p>\n<p class=\"link-more\"><a href=\"https:\/\/a-deuxmains.com\/index.php\/mentions-legales-responsabilites\/\" class=\"more-link\">Continuer la lecture<span class=\"screen-reader-text\"> de &laquo;&nbsp;Mentions l\u00e9gales &#038; responsabilit\u00e9s&nbsp;&raquo;<\/span><\/a><\/p>\n","protected":false},"author":1,"featured_media":0,"parent":0,"menu_order":0,"comment_status":"closed","ping_status":"closed","template":"","meta":[],"yoast_head":"<!-- This site is optimized with the Yoast SEO plugin v15.7 - https:\/\/yoast.com\/wordpress\/plugins\/seo\/ -->\n<title>Mentions l\u00e9gales &amp; responsabilit\u00e9s | A-deuxmains<\/title>\n<meta name=\"robots\" content=\"index, follow, max-snippet:-1, max-image-preview:large, max-video-preview:-1\" \/>\n<link rel=\"canonical\" href=\"https:\/\/a-deuxmains.com\/index.php\/mentions-legales-responsabilites\/\" \/>\n<meta property=\"og:locale\" content=\"fr_FR\" \/>\n<meta property=\"og:type\" content=\"article\" \/>\n<meta property=\"og:title\" content=\"Mentions l\u00e9gales &amp; responsabilit\u00e9s | A-deuxmains\" \/>\n<meta property=\"og:description\" content=\"&#8211;\u00a0Nom commercial: A 2 mains\u00a0&#8211; SIREN: 443 129 473\u00a0 Entreprise individuelle Cr\u00e9\u00e9e le 2 janvier 2021 repr\u00e9sent\u00e9e par J\u00e9r\u00e9mie CHEVALIER dont le si\u00e8ge social est situ\u00e9 au 104, rue du Pr\u00e9-pigeon 49100 ANGERS.Facturation avec TVA non applicable selon article 293 B du CGI. &#8211;\u00a0 Massage non th\u00e9rapeutique dont l&rsquo;objectif premier est d&rsquo;apporter un bien-\u00eatre \u00e0 &hellip; Continuer la lecture de &laquo;&nbsp;Mentions l\u00e9gales &#038; responsabilit\u00e9s&nbsp;&raquo;\" \/>\n<meta property=\"og:url\" content=\"https:\/\/a-deuxmains.com\/index.php\/mentions-legales-responsabilites\/\" \/>\n<meta property=\"og:site_name\" content=\"A-deuxmains\" \/>\n<meta property=\"article:publisher\" content=\"https:\/\/www.facebook.com\/A.2mains.Angers\" \/>\n<meta name=\"twitter:card\" content=\"summary_large_image\" \/>\n<meta name=\"twitter:label1\" content=\"Dur\u00e9e de lecture est.\">\n\t<meta name=\"twitter:data1\" content=\"2 minutes\">\n<script type=\"application\/ld+json\" class=\"yoast-schema-graph\">{\"@context\":\"https:\/\/schema.org\",\"@graph\":[{\"@type\":[\"Person\",\"Organization\"],\"@id\":\"https:\/\/a-deuxmains.com\/#\/schema\/person\/679ace79d95d565a174117144a1cd9ae\",\"name\":\"admin5942\",\"image\":{\"@type\":\"ImageObject\",\"@id\":\"https:\/\/a-deuxmains.com\/#personlogo\",\"inLanguage\":\"fr-FR\",\"url\":\"https:\/\/secure.gravatar.com\/avatar\/5727d1984926e731201bf5ae98d8d6e2?s=96&d=mm&r=g\",\"caption\":\"admin5942\"},\"logo\":{\"@id\":\"https:\/\/a-deuxmains.com\/#personlogo\"},\"description\":\"Form\\u00e9 depuis 2003, J\\u00e9r\\u00e9mie vous assurera une prestation de qualit\\u00e9 en tant que masseur pro. Du massage pour sportif (\\u00e9nergisant ou r\\u00e9cup\\u00e9rateur) au massage relaxant, divers forfaits propos\\u00e9s pour soulager les tensions et lutter contre le mal de dos, ventre, genou, migraine, torticolis, etc... Dans un espace bien-\\u00eatre convivial sur Angers pour femmes et hommes, re\\u00e7oit sur rdv 13h-20h du lundi au vendredi (matin et samedi-dimanche sur demande).\",\"sameAs\":[\"https:\/\/www.facebook.com\/A.2mains.Angers\"]},{\"@type\":\"WebSite\",\"@id\":\"https:\/\/a-deuxmains.com\/#website\",\"url\":\"https:\/\/a-deuxmains.com\/\",\"name\":\"A-deuxmains\",\"description\":\"Votre bien-\\u00eatre | Du massage relaxant au sp\\u00e9cial sportif | Angers\",\"publisher\":{\"@id\":\"https:\/\/a-deuxmains.com\/#\/schema\/person\/679ace79d95d565a174117144a1cd9ae\"},\"potentialAction\":[{\"@type\":\"SearchAction\",\"target\":\"https:\/\/a-deuxmains.com\/?s={search_term_string}\",\"query-input\":\"required name=search_term_string\"}],\"inLanguage\":\"fr-FR\"},{\"@type\":\"WebPage\",\"@id\":\"https:\/\/a-deuxmains.com\/index.php\/mentions-legales-responsabilites\/#webpage\",\"url\":\"https:\/\/a-deuxmains.com\/index.php\/mentions-legales-responsabilites\/\",\"name\":\"Mentions l\\u00e9gales & responsabilit\\u00e9s | A-deuxmains\",\"isPartOf\":{\"@id\":\"https:\/\/a-deuxmains.com\/#website\"},\"datePublished\":\"2021-01-15T15:19:32+00:00\",\"dateModified\":\"2021-01-15T15:19:32+00:00\",\"inLanguage\":\"fr-FR\",\"potentialAction\":[{\"@type\":\"ReadAction\",\"target\":[\"https:\/\/a-deuxmains.com\/index.php\/mentions-legales-responsabilites\/\"]}]}]}<\/script>\n<!-- \/ Yoast SEO plugin. -->","_links":{"self":[{"href":"https:\/\/a-deuxmains.com\/index.php\/wp-json\/wp\/v2\/pages\/210"}],"collection":[{"href":"https:\/\/a-deuxmains.com\/index.php\/wp-json\/wp\/v2\/pages"}],"about":[{"href":"https:\/\/a-deuxmains.com\/index.php\/wp-json\/wp\/v2\/types\/page"}],"author":[{"embeddable":true,"href":"https:\/\/a-deuxmains.com\/index.php\/wp-json\/wp\/v2\/users\/1"}],"replies":[{"embeddable":true,"href":"https:\/\/a-deuxmains.com\/index.php\/wp-json\/wp\/v2\/comments?post=210"}],"version-history":[{"count":1,"href":"https:\/\/a-deuxmains.com\/index.php\/wp-json\/wp\/v2\/pages\/210\/revisions"}],"predecessor-version":[{"id":211,"href":"https:\/\/a-deuxmains.com\/index.php\/wp-json\/wp\/v2\/pages\/210\/revisions\/211"}],"wp:attachment":[{"href":"https:\/\/a-deuxmains.com\/index.php\/wp-json\/wp\/v2\/media?parent=210"}],"curies":[{"name":"wp","href":"https:\/\/api.w.org\/{rel}","templated":true}]}}